when n is divided by 4?
3
Suppose 5*z - 505 + 183 = 3*t, z = -t + 58. Calculate the remainder when z is divided by 31/2 - 2/(-4).
14
Let f be 4 - 4 - (-1 - 3). Suppose -5*z + 0*z + 380 = 3*x, 0 = f*z - 5*x - 304. What is the remainder when z is divided by 22?
10
Let y = 230 - 185. What is the remainder when y is divided by 24?
21
Suppose 4*k - 38 = 106. Calculate the remainder when k is divided by 10.
6
Let m = -1622 - -1659. Calculate the remainder when m is divided by 0 + 0 + 0 + 19.
18
Let o = -16 + 16. Suppose -d + 4 = 4*u + 3*d, -4*d - 20 = o. What is the remainder when u is divided by 3?
0
Let q(k) = -k**3 + 6*k**2 + k + 13. Calculate the remainder when 59 is divided by q(5).
16
Suppose -24 - 46 = -7*p. Calculate the remainder when 58 is divided by p.
8
Let h = 141 + 220. Calculate the remainder when h is divided by 7.
4
Let b = 617 + -354. What is the remainder when b is divided by 90?
83
Suppose -2*o = 2*j + 2*o - 24, 32 = 5*j + 3*o. What is the remainder when 8 is divided by j?
0
Let o(m) = 91*m - 537. Calculate the remainder when o(6) is divided by 4.
1
Let m(b) = -b**3 + 16*b**2 + 16*b + 20. Let z be m(17). Suppose 0 = z*u + 2*l - 403 - 99, 2*u - 338 = 2*l. Calculate the remainder when u is divided by 19.
16
Suppose -978 = -31*x + 355. Calculate the remainder when 119 is divided by x.
33
Let f = 5 - 6. Let s be -3 - -5*(-3)/f. Let t = 26 + s. Calculate the remainder when 112 is divided by t.
36
Let s = -28 + 51. Let n = s + -8. Calculate the remainder when 27 is divided by n.
12
Suppose -9*l + 5*l - 8 = 0, 0 = 3*w + l - 67. What is the remainder when 296 is divided by w?
20
Let b be 1*-1 + -4 + -4 + 96. Let n = b + -45. What is the remainder when n is divided by 15?
12
Let i(f) = -9*f + 10. Suppose -5*c + 0*c = 20. Calculate the remainder when i(c) is divided by 24.
22
Suppose 3*d = -14 + 32. Suppose 130 = u + c - d*c, -c = -2*u + 233. Calculate the remainder when u is divided by 39.
37
Let c(j) = -j - 4. Let p be c(-6). Suppose -r - 12 = -p*r. What is the remainder when 45 is divided by r?
9
Let r = -13 + 22. Let k be (-6)/15 - 12/(-5). Suppose k*a = -4*a + 96. What is the remainder when a is divided by r?
7
Let q(g) = 0 + 6*g + 0 + 4 + 0 + g**2. Calculate the remainder when 21 is divided by q(-7).
10
Let c = 7 - 5. Let x be c + 2 + 9 - 1. What is the remainder when 70 is divided by ((-8)/x)/(1/(-36))?
22
Let a be 2/4 + (-14)/(-4). Suppose -4*d + 4*l + 144 = 0, 0*d - 33 = -d + a*l. Let c = -26 + d. Calculate the remainder when c is divided by 6.
5
Let p = -15 - -23. Suppose 2*d = -5 + 21. Suppose -4 = 7*i - d*i. Calculate the remainder when p is divided by i.
0
Let u(a) = 2*a**2 - 40*a + 130. What is the remainder when u(24) is divided by 81?
79
Suppose 5*x = s + 18, 2*x - 1 = 7. Suppose o = -s*o. What is the remainder when 3/(6/46) - o is divided by 13?
10
Let h = 413 + -375. What is the remainder when 186 is divided by h?
34
Calculate the remainder when ((-9)/(-4))/((-1548)/(-512) + -3) is divided by 33.
30
Suppose 174*k - 187*k + 481 = 0. Calculate the remainder when 165 is divided by k.
17
Let s = -10 + 16. Let l be 12/(5/(20/s)). Suppose -l*w = -11*w + 57. What is the remainder when 35 is divided by w?
16
Suppose -r = 3*r - 44. Let t = -9 + r. Suppose t*v - 10 = v. Calculate the remainder when v is divided by 3.
1
Let v(t) = -1. Let i(u) = -2*u - 6. Let p(w) = -2*i(w) - 4*v(w). What is the remainder when 83 is divided by p(3)?
27
Suppose -6 - 17 = -l - b, 0 = 3*l - b - 49. What is the remainder when 53 is divided by l?
17
What is the remainder when ((-477)/(27/(-3)))/1 is divided by 45?
8
Calculate the remainder when ((-15)/6 + 1)/(3/(-68)) is divided by 20.
14
Suppose 0*r + 92 = 4*r. Suppose 8*u - s - 185 = 4*u, -5*u + 238 = s. Let f = u - r. What is the remainder when 93 is divided by f?
21
Let v = 1268 + -1235. What is the remainder when 1417 is divided by v?
31
Calculate the remainder when (-12)/(-8)*(-1068)/(-18) is divided by 18.
17
Let s(w) = -w**2 + 6*w + 2. Let c be s(3). Let b be -1 + 0 + 0 + c. Calculate the remainder when 185/b*(1 + 1) is divided by 13.
11
Let d = 1403 + -1310. Calculate the remainder when d is divided by 52.
41
Let x = -7 - -200. Calculate the remainder when x is divided by 18.
13
Suppose 0 = 6*c - 11*c, 2*p = -3*c + 184. What is the remainder when p is divided by 26?
14
Let i(a) = -5*a + 2. Let t be 177/(-18) + (-11)/(-6) + -2. What is the remainder when i(-5) is divided by -1 + -1 - 1 - t?
6
Let l = 36 + -22. What is the remainder when (-5880)/(-154) - 4/22 is divided by l?
10
Let m be ((-250)/(-25))/((-2)/(-21)). Calculate the remainder when (-5)/((-25)/m) + 1 is divided by 5.
2
Let s be ((-17)/(-3))/(2/(-3))*-6. Suppose 6*b = 9*b - 3*c - s, 2*c = -5*b + 78. What is the remainder when (-47)/4*-1*4 is divided by b?
15
Calculate the remainder when 296 is divided by (-13)/(78/(-135))*40/12.
71
What is the remainder when ((-8)/12)/(18/(-4887)) is divided by 2/2 + 90/2?
43
Let b(u) = u**2. Let i(g) = g**3 - 4*g**2 - 6*g - 7. Calculate the remainder when i(6) is divided by b(-4).
13
Let d(g) = 23*g**2 - 14*g + 32. What is the remainder when d(3) is divided by 20?
17
Suppose 16 = -4*s, 10*f + 4*s = 12*f - 64. Calculate the remainder when 35 is divided by f.
11
Suppose -4*d + i = -98, 31 = d + 13*i - 10*i. Suppose l - 4*c = 89 + 100, -4*l + c + 696 = 0. Calculate the remainder when l is divided by d.
23
Let g = 359 + -340. What is the remainder when g is divided by 16?
3
Let v(c) = -44*c**2 + 1322*c - 46. Let x(t) = t + 8. What is the remainder when v(30) is divided by x(-4)?
2
Let g = 41 - -6. Suppose -3*u = -3*t - 24, 5*u - 37*t - 68 = -39*t. Calculate the remainder when g is divided by u.
11
Let r = -43 - -76. Calculate the remainder when 41 is divided by r.
8
Suppose 7*y - y - 1236 = 0. Let i = y - 176. Suppose 2*w = 4*w - 236. Calculate the remainder when w is divided by i.
28
Suppose -s = -3 - 11. Let v(r) = -r - 4. Let i be v(-8). Suppose i*c + 149 = 3*t, -4*t = 4*c - 40 - 168. What is the remainder when t is divided by s?
9
Suppose 4 = 73*p - 75*p. What is the remainder when 25 is divided by -1 + -1 + ((-14)/(-2) - p)?
4
Suppose -5*y + 5*n - 695 = 0, -253 = 2*y - n + 4*n. Let z = y - -390. Let r = z - 153. What is the remainder when r is divided by 35?
33
Suppose w - 105 = -3*l + 8, -4*w - 4*l = -444. Let h = -320 + w. What is the remainder when (h/(-9))/5*3 is divided by 4?
2
Let x(l) = l - 2. Let i(s) = 4*s - 3. Let m be i(2). Suppose 12 = 4*p, 0 = -m*c - 4*p + 11 + 16. What is the remainder when x(c) is divided by 1?
0
Suppose -31 = 2*x - 129. Suppose 2*r + 3*b - x = 0, 3*r - 122 = -r + 2*b. Let g = 4385 + -4299. What is the remainder when g is divided by r?
28
Suppose 5*v = 5*h - 348 + 1113, 5*v - 773 = h. Let l(a) = -41*a - 1. What is the remainder when v is divided by l(-1)?
35
Suppose 5*o - 39 = -2*d, d + o + 57 = 6*d. Suppose -9*s - 171 = -d*s. Suppose -2*t + 5*t = s. Calculate the remainder when t is divided by 10.
9
Calculate the remainder when (11/2)/(23/46) is divided by 6.
5
Let q = 162 + -77. What is the remainder when q is divided by 44?
41
Let y = -1053 + 1061. Calculate the remainder when 24 is divided by y.
0
Let b(r) = 14*r**3 - 2*r**2 + 1. Calculate the remainder when 46 is divided by b(1).
7
Suppose 7*l + 16 = 3*l, 2*z = -4*l - 6. Suppose 0 = 3*t + c + 4*c - 9, -c + 37 = z*t. Calculate the remainder when 17 is divided by t.
1
Suppose 0 = -3*d + 7*d - o - 15, 0 = -4*d + 2*o + 18. Let z be -10 + (3 - d) + 0. Let m = -7 - z. Calculate the remainder when 7 is divided by m.
1
What is the remainder when -5*(72/20)/(-6) is divided by 3 - (1 - 0/7)?
1
Suppose -55 = -4*j + 3*j. Suppose -8*l - j = -13*l. What is the remainder when -1 + 22/(-1)*-2 is divided by l?
10
Suppose 7*y - 5*y - 78 = 0. Calculate the remainder when y is divided by 3*(-4)/(-8)*14.
18
Let t = 4 + -3. Let k = 6 - t. Suppose 7*i - 12*i = -35. What is the remainder when i is divided by k?
2
Suppose -12*a + 38 = -706. Calculate the remainder when 120 is divided by a.
58
Let g = -110 + 485. Calculate the remainder when g is divided by 95.
90
Suppose -2*h = -h + l - 187, -5*h = 3*l - 941. Suppose -4*g = g - h. Let y = 30 - -119. Calculate the remainder when y is divided by g.
35
Let i = -665 + 918. What is the re